+ 8*q**2 - 4*q. Is p(l) a multiple of 13?
True
Let g(x) = 751*x**2 + 52*x + 41. Is 172 a factor of g(-5)?
False
Suppose 0 = -61*f + 51*f - 40. Let w = f - -29. Is 6 a factor of w?
False
Let l = -5127 + 6804. Is 13 a factor of l?
True
Suppose 10*f - 36443 = 53797. Does 94 divide f?
True
Suppose -128*y + 110*y = -1008. Suppose 2*j - y = 100. Is 6 a factor of j?
True
Let c(m) = 917*m + 1498. Is c(4) a multiple of 41?
True
Let i = -34 + 24. Let u(q) = 21*q + 10. Let h be u(i). Is 4 a factor of (h/12)/((-2)/3)?
False
Let y = 6943 + -3462. Is 156 a factor of y?
False
Let q(i) = 2*i - 1. Let y = -15 + 16. Let a be q(y). Is (a*-7)/(5/(-80)) a multiple of 28?
True
Let z(t) = -7*t + 48. Let h be z(7). Is (h/3 - 0)/((-1)/1413) a multiple of 10?
False
Suppose 78*v - 367*v = -7284823. Is v a multiple of 91?
True
Let a(k) = -k**3 + 6*k**2 + 67*k - 7. Let u(j) = 9*j**2 + 13*j + 13. Let m be u(-1). Does 11 divide a(m)?
False
Let j(t) be the second derivative of t**5/20 - 7*t**4/12 - 5*t**3/6 - 4*t**2 + 36*t. Does 6 divide j(8)?
False
Suppose 0 = -3*u - t + 108 + 146, -u + 93 = 2*t. Let n = 225 - u. Does 45 divide n?
False
Let w be (0 + 1)/(12/12900). Suppose 18*k + w = 23*k. Does 39 divide k?
False
Let h = -33 + 9. Let w(x) = 2*x**2 + 58*x - 6. Let l be w(-29). Does 4 divide ((-123)/(-12))/(l/h)?
False
Let f(y) = 106*y**2 + 3*y - 44*y**2 - 1 - 45*y**2 - 2. Does 23 divide f(4)?
False
Is 6 a factor of (-13)/91 - (-115)/(-10)*5990/(-35)?
True
Suppose 14*q = 11*q + 2805. Suppose -104 = -3*v - q. Let n = 527 + v. Is n a multiple of 25?
True
Let j(q) = 6*q**3 - 19*q**2 + 11*q. Is j(5) a multiple of 22?
True
Let s = -5909 - -18682. Is s a multiple of 159?
False
Suppose -4*f + 13 = -7. Suppose -5*k - 5*w - 20 = 0, f = k - 2*w - 6. Does 12 divide k*10/(-2)*101/(-5)?
False
Let u(r) = 12913*r + 68 - 12922*r - 18. Is 85 a factor of u(-12)?
False
Suppose -30*j = -29*j - 2. Suppose 0 = 4*l - j*l - 264. Suppose -12*t - l = -16*t. Is t a multiple of 23?
False
Let d = -26 - -29. Let s(o) = 19*o**2 - 9 - d*o - 11*o**2 - o + o**3. Is s(-8) a multiple of 18?
False
Let r = 19139 + -834. Does 130 divide r?
False
Let d = 38 + -33. Suppose -x + 50 = -c - 0*c, x = d*c + 58. Suppose -4*v - 2*m = -v - x, m = -5*v + 87. Is v a multiple of 9?
True
Suppose 13*a - 16167 = 16717 - 6897. Does 11 divide a?
False
Suppose 17*t + 4750 = 12*t. Let j = -590 - t. Is 20 a factor of j?
True
Let p(c) = -37 + 10 + 12 + 29*c. Let a be p(3). Let o = -37 + a. Is o a multiple of 8?
False
Is 0 + (190 - 0)*((-126)/(-28) - -11) a multiple of 31?
True
Let d(f) = 184*f**3 + 3*f**2 - f - 11. Is 7 a factor of d(5)?
False
Suppose -4*m + 44857 = -121263. Let z be 21/9 + -2 - m/30. Is 19 a factor of 2/(-3) - z/24?
True
Let y = 6216 - 4596. Is 12 a factor of y?
True
Suppose 5*s + q - 14437 = 0, 2*q = -3*s + 11460 - 2809. Is 9 a factor of s?
True
Let b = -10712 - -13366. Is 5 a factor of b?
False
Let y = 4113 + -1932. Suppose -9*p + y = -3696. Is p a multiple of 15?
False
Let c(t) = t**2 + 7*t + 12. Let h be c(-9). Suppose -h*j = -33*j + 195. Does 31 divide j?
False
Suppose 159895 - 3221 = -179*i + 186*i. Is i a multiple of 62?
True
Let t(f) = -2*f**2 + 8*f + 50. Let z be t(26). Let r = z + 2954. Is 32 a factor of r?
False
Let o(b) = -170*b**3 + 12*b**2 + 17*b - 2. Is 197 a factor of o(-4)?
False
Suppose s + 5*o = 3*o + 1, 5*s + 5*o = 25. Suppose 5*x - 3*g = 1730, -3*g = -4*x + s*x - 1760. Does 14 divide x?
False
Suppose -30 = 15*i + 60. Is (-897)/i + (-63)/42 a multiple of 31?
False
Let a(o) = 3*o - 3. Let p(q) = 5*q - 23. Let i be p(5). Let r be a(i). Suppose 4*j + 997 = 5*f + r*j, 2*j = 4*f - 794. Is f a multiple of 55?
False
Suppose 0 = 10*u - 0*u - 2010. Suppose u + 91 = 2*l. Is l a multiple of 11?
False
Suppose 2*s + 3*r - 15951 = 0, -2*s - 4*r + 15911 = -9*r. Does 166 divide s?
True
Let s = 61 - 102. Let h = 167 - 263. Let i = s - h. Does 11 divide i?
True
Let y(u) = -15*u**2 - 12*u - 11. Let i be y(-1). Is 43 a factor of (12/i)/(2559/1281 + -2)?
False
Suppose 0 = x + 24*x + x - 443430. Is 19 a factor of x?
False
Suppose 0 = -h + 1990 + 33 + 303. Is 45 a factor of h?
False
Let j = -8062 + 9060. Does 5 divide j?
False
Let i = 12 - 12. Suppose i = -5*b - 2 - 3, -2*h + 2*b = -572. Suppose 0 = -15*y + 10*y + h. Does 11 divide y?
False
Suppose 0 = 4*m - n - 1558, 2*m + 258 = 5*n + 1028. Let b = 678 - m. Does 3 divide b?
True
Let m(l) = l**2 + l. Let s(x) = -5*x**2 - 8*x. Let w(f) = 21*m(f) + 3*s(f). Let j be w(8). Suppose 0 = -0*r - 8*r + j. Does 7 divide r?
False
Let i = 129 - 126. Suppose i*b = -18 + 39. Is b a multiple of 4?
False
Let y(z) = -3*z**3 - 17*z**2 + 46*z + 145. Is y(-20) a multiple of 86?
False
Let y = -393 - -1711. Does 2 divide y?
True
Let g be (-20 + 1*-2)/(-12 - -10). Suppose g*t - 982 = -146. Suppose -184 = -z - t. Is z a multiple of 12?
True
Let b be (33*(-2)/(-4))/((-1)/(-42)). Let d = b + -1025. Is 6 a factor of 2/7 - d/14?
True
Let u(s) = -2*s - 389*s**3 + s + 388*s**3 - 6. Let d be u(-2). Suppose 2*b - d*r = -0*b + 8, -5*b + 4*r + 20 = 0. Does 3 divide b?
False
Is (270/99)/(2/19756) a multiple of 20?
True
Let k(t) = 3*t**2 - 25*t + 15. Let h be (41 - 1)*(2 + 1 + -2). Suppose 79*z + h = 83*z. Does 13 divide k(z)?
True
Does 54 divide 3/(144/(-444))*-84?
False
Suppose 14069 = 3*o - 4*z, -106*z - 18756 = -4*o - 102*z. Does 43 divide o?
True
Let x(v) = 3*v**2 - 54*v + 556. Is 11 a factor of x(15)?
False
Let l(c) = 3*c + 5. Let r be 4 - 7*(-1 + 0). Suppose -28 = r*d - 15*d. Is l(d) a multiple of 4?
False
Let i(b) = -18*b + 43 - 15*b - 20*b + 57*b. Is 9 a factor of i(9)?
False
Suppose 0 = -56*a - 28*a + 2475324 - 859332. Is a a multiple of 29?
False
Suppose 4*n + p - 201 = 206, -4*n = -2*p - 422. Suppose n = 7*k - 639. Does 3 divide k?
False
Let a(n) = -3*n - 37. Let m be a(-6). Let d = 20 + m. Does 15 divide d/(7/1365 + (-1 - -1))?
True
Let u = -35 - -43. Let z(a) = 4*a**2 + 6*a - 1. Let q be z(u). Suppose -2*p + 164 = i, 5*p - q = 5*i + 137. Is p a multiple of 29?
False
Is (-1)/((56/64344)/(10/(-6) + 1)) a multiple of 20?
False
Suppose r + 4*y = 1, 2*r - 2*y = -3*r + 5. Let q be ((3/5)/r)/((-8)/(-40)). Let m(x) = x**3 - 3*x**2 + 2*x - 3. Does 3 divide m(q)?
True
Suppose 8 = 4*x - 2*x. Is ((-388)/2 + -1)*x/(-12) a multiple of 25?
False
Suppose -14*j - 53445 = -223769. Is j a multiple of 158?
True
Suppose -84*a + 1387732 = 362428. Is 17 a factor of a?
True
Suppose 54130 = 12*h + 11038. Is h a multiple of 14?
False
Let t(g) be the first derivative of g**3/3 - 11*g**2/2 - 9*g - 1. Suppose 5*k + 55 = 5*s, -5*s + 3*k + 53 = -8. Is t(s) a multiple of 33?
True
Suppose -56*q - 5217150 = -114*q - 92*q. Is q a multiple of 44?
False
Suppose 4882 - 82 = 8*r. Let g be (r/80)/((-3)/8). Let v = g + 283. Does 20 divide v?
False
Suppose -4*x = -5*o + 1121, 0*x - 3*o = -2*x - 561. Let h = x + 799. Does 26 divide h?
True
Suppose 0 = 2*d - 13826 - 4166. Does 56 divide d?
False
Let a = 225 - 575. Let t = a + 889. Is 11 a factor of t?
True
Let i(j) = 2*j + 22. Let t be i(-5). Suppose 3*y = -t*y + 2970. Is y a multiple of 29?
False
Let w(p) = 2343*p - 3604. Does 135 divide w(12)?
False
Let g(z) = -z**3 - 4*z**2 + 2*z + 79. Is 17 a factor of g(-12)?
True
Suppose -3*x + 0*x + 30 = 3*j, -5*j = 4*x - 44. Suppose -4*u + 8*s = x*s - 666, u = 3*s + 159. Is u a multiple of 42?
True
Let o(d) = 3*d**3 - d**2 + 3*d + 1040. Does 65 divide o(0)?
True
Does 31 divide ((-124)/5)/(21/90*82/(-287))?
True
Let l = 91 - 89. Suppose 3*w - w - 1498 = -5*y, -l*w = -y + 290. Does 51 divide y?
False
Let j(z) = 146*z**2 + 152*z - 1148. Is j(8) a multiple of 60?
False
Suppose 3*x - 4*b - 8962 = 0, 2*x + 2032 = 2*b + 8004. Suppose -x = 22*a - 36*a. Does 31 divide a?
False
Suppose 2*d - 4*f + 95 = -17, f = 5*d + 271. Let p be d/(3 - 4) - (-2 - -1). Suppose -18 = -h + 3*i, 3*h = 4*i + 9 + p. Is h a multiple of 6?
True
Let m(z) = 2*z**3 + 5*z**2 - 3*z + 2. Let w be m(-3). Suppose j = 3, -3*j - j = -w*h + 1684. Does 23 divide h?
False
Let d be 4214/35 - (-6)/(-15). Let g = d + -55. Is 4 a factor of g?
False
Suppose -35*a + 9*a + 82602 = 0. Is a a multiple of 7?
False
Let g(o) = -190*o + 6425. Let z(r) = 7*r - 238. Let b(f) = -2*g(f) - 55*z(f). Suppose 31*p - 28*p = -5*a, 4*p - 2*a = 0. Is 20 a factor of b(p)?
True
Let h(f) = 50*f + 58. Let w be h(